
3021
In base 5, what is 2 + -1142?
-1140
In base 10, what is -4 - 1828?
-1832
In base 3, what is -10 - -111201?
111121
In base 16, what is 90a - -5?
90f
In base 3, what is 100111 + 12?
100200
In base 5, what is 231 - 4?
222
In base 16, what is -4 - 3e?
-42
In base 10, what is -2 + -39?
-41
In base 12, what is a + -19?
-b
In base 12, what is -4 - 128?
-130
In base 10, what is 3 - 25?
-22
In base 3, what is 2 + -212212?
-212210
In base 14, what is 18 + -69?
-51
In base 13, what is -8 + -2?
-a
In base 3, what is 112212011 + -10?
112212001
In base 13, what is 4 - 273?
-26c
In base 11, what is -1 + -2231?
-2232
In base 8, what is 567 - 5?
562
In base 9, what is 2456 - -7?
2464
In base 11, what is -4 + 103?
aa
In base 9, what is -4 - -176?
172
In base 15, what is -3 - -2a?
27
In base 2, what is 1001111110 - 111?
1001110111
In base 12, what is 0 + -1b08?
-1b08
In base 13, what is 0 - -26?
26
In base 7, what is -3 + 160?
154
In base 4, what is -11 - -131030?
131013
In base 3, what is 202 - -102?
1011
In base 2, what is 10000 - -1100?
11100
In base 10, what is 5 + -221?
-216
In base 7, what is -20 - -106?
56
In base 10, what is -5 - 21?
-26
In base 13, what is 1 - 83?
-82
In base 9, what is 3 + 1510?
1513
In base 3, what is -11112001 - 1?
-11112002
In base 8, what is -62 + -4?
-66
In base 10, what is 37 - 64?
-27
In base 11, what is -21 + -47?
-68
In base 3, what is -100 + -12?
-112
In base 10, what is -22 + 3?
-19
In base 3, what is 22102 + 11?
22120
In base 3, what is -11 - -102020?
102002
In base 5, what is 1 - 1211?
-1210
In base 2, what is 1100001 + 1111110?
11011111
In base 12, what is -100 - 5?
-105
In base 7, what is -10 + 15?
5
In base 16, what is -28 + 3?
-25
In base 8, what is 1665 - 0?
1665
In base 4, what is 2 + -21331?
-21323
In base 15, what is -3 + 4a?
47
In base 14, what is -5 + 54?
4d
In base 12, what is 6b - 3?
68
In base 11, what is -51 + a?
-42
In base 16, what is -29e + -5?
-2a3
In base 2, what is 11001 - 10111110?
-10100101
In base 10, what is 99 - -20?
119
In base 11, what is 6 - -52?
58
In base 9, what is 2 + 80?
82
In base 10, what is -825 - 3?
-828
In base 11, what is 3 + 507?
50a
In base 14, what is -c8 - -17?
-b1
In base 3, what is -22 - 202211?
-210010
In base 11, what is 1510 - 3?
1508
In base 5, what is -140 - 12?
-202
In base 13, what is 33c9 + -5?
33c4
In base 7, what is 130 + 56?
216
In base 16, what is -a - -139?
12f
In base 7, what is -1 + 235?
234
In base 5, what is -1 - 2442?
-2443
In base 2, what is 100010111011011 + 1?
100010111011100
In base 11, what is -2 + 4574?
4572
In base 9, what is 25 - -6?
32
In base 7, what is 363 + 15?
411
In base 12, what is -3 - -19?
16
In base 13, what is 12 - 2?
10
In base 11, what is 5449 + 4?
5452
In base 4, what is -21320 + 3?
-21311
In base 16, what is 17ed + -4?
17e9
In base 12, what is -260 - 3b?
-29b
In base 16, what is 17 + -6?
11
In base 4, what is 11 - 12012?
-12001
In base 7, what is -2555 - 11?
-2566
In base 14, what is 59 - -9?
64
In base 12, what is 1332 + 2?
1334
In base 10, what is -24 - -51?
27
In base 14, what is -20 - -112?
d2
In base 11, what is -37 + 4?
-33
In base 8, what is 263 + 3?
266
In base 9, what is 85827 + -2?
85825
In base 12, what is a - -40?
4a
In base 15, what is -4 + 711?
70c
In base 10, what is 16 - 268?
-252
In base 13, what is 3 + -c11?
-c0b
In base 2, what is -1 + 101100010?
101100001
In base 6, what is -5 + -24022?
-24031
In base 11, what is 0 + 5?
5
In base 6, what is 3 + -300?
-253
In base 14, what is -9b9 - -5?
-9b4
In base 9, what is 536 - -4?
541
In base 8, what is -114 + 146?
32
In base 8, what is 277 + 5?
304
In base 10, what is -623 + -2?
-625
In base 6, what is 1333 + 33?
1410
In base 6, what is -5 - -42?
33
In base 5, what is 22 + -22222?
-22200
In base 4, what is 3 - 2023?
-2020
In base 9, what is 3 - -57?
61
In base 14, what is -6002 - -3?
-5ddd
In base 10, what is 92 - -130?
222
In base 2, what is 1000001110 - -100100?
1000110010
In base 2, what is 1001101000 - -100?
1001101100
In base 6, what is 1 - -4520?
4521
In base 7, what is -21 - 3?
-24
In base 13, what is -2 + 90?
8b
In base 16, what is -1 - 701?
-702
In base 13, what is aa - 0?
aa
In base 2, what is -100 + 10010?
1110
In base 13, what is 17 - -a1?
b8
In base 14, what is -7 - -158?
151
In base 7, what is 644 + 2?
646
In base 6, what is 2120 - 1?
2115
In base 11, what is -2 + a?
8
In base 8, what is -3 + 4041?
4036
In base 14, what is -4 - 193?
-197
In base 10, what is -4 - 145?
-149
In base 11, what is -38 + -22?
-5a
In base 12, what is -5 + 41?
38
In base 11, what is -84 - 51?
-125
In base 10, what is -10251 - -4?
-10247
In base 7, what is 116 - -116?
235
In base 11, what is -1263 + -4?
-1267
In base 13, what is -4b + -3?
-51
In base 13, what is -13 + 17?
4
In base 15, what is 3 - -1355?
1358
In base 7, what is 2 - -5?
10
In base 6, what is -14 - -45?
31
In base 9, what is -5183 + 1?
-5182
In base 15, what is 1e + 7?
26
In base 5, what is -200 + -1?
-201
In base 6, what is 2 + 2212?
2214
In base 2, what is -11 - -10111110111?
10111110100
In base 3, what is 122 + 2211?
10110
In base 4, what is -231 + 21?
-210
In base 14, what is -b9 - -14?
-a5
In base 9, what is 14 - 322?
-307
In base 15, what is 4 - -3?
7
In base 5, what is -331 - -2?
-324
In base 3, what is 10 + 22000?
22010
In base 8, what is 15132 - 5?
15125
In base 8, what is 1 - 1711?
-1710
In base 9, what is -1 - 1251?
-1252
In base 2, what is 1 - -1100110?
1100111
In base 5, what is 14320 - -2?
14322
In base 3, what is -12 - -1200?
1111
In base 10, what is 43 + 1?
44
In base 9, what is 668 - 0?
668
In base 12, what is -42 + -1?
-43
In base 10, what is -3 + 36?
33
In base 3, what is -12 - -2100?
2011
In base 14, what is 250 - -27?
277
In base 11, what is -666 + -2?
-668
In base 7, what is 0 + -1026?
-1026
In base 15, what is -ec - 5?
-102
In base 8, what is 174 - 20?
154
In base 8, what is -22 + -5?
-27
In base 5, what is 3 + 120?
123
In base 8, what is 32 + 14?
46
In base 11, what is 5 + 119?
123
In base 2, what is -1 - -100100?
100011
In base 16, what is 59 - -3?
5c
In base 5, what is -220 + -100?
-320
In base 3, what is 12 + 2201?
2220
In base 6, what is 100 - 2123?
-2023
In base 7, what is 6005 + 2?
6010
In base 8, what is -130 - 30?
-160
In base 13, what is -2 + 6c?
6a
In base 7, what is 3 + 314?
320
In base 3, what is 12 + 102?
121
In base 12, what is -139 + -2a?
-167
In base 15, what is a + -31?
-26
In base 4, what is 1 - -1012?
1013
In base 8, what is -64 - 7?
-73
In base 15, what is -57 + 2?
-55
In base 11, what is 1038 - 4?
1034
In base 11, what is 439 + -8?
431
In base 16, what is -4 - -ccb?
cc7
In base 15, what is -15 + 14?
-1
In base 14, what is 6 + -53?
-4b
In base 14, what is -11d33 - -1?
-11d32
In base 5, what is 200 + -1022?
-322
In base 10, what is 25 - 1?
24
In base 9, what is -134 - -101?
-33
In base 3, what is -102001 - 21?
-102022
In base 4, what is -1 - -311032?
311031
In base 5, what is -4 + -141024?
-141033
In base 9, what is 3 - 514?
-511
In base 12, what is 6 - 247?
-241
In base 6, what is 0 + 11114?
11114
In base 10, what is -392 - -34?
-358
In base 5, what is 130 + 110?
240
In base 3, what is 1002 + 210?
1212
In base 8, what is -554 + 1?
-553
In base 2, what is 10011 + 1011110?
1110001
In base 6, what is -2 - 4114?
-4120
In base 5, what is 13143 + -11?
13132
In base 7, what is -21 + -103?
-124
In base 9, what is -1215 + -2?
-1217
In base 9, what is -18 + -382?
-411
In base 13, what is 24 - -2b?
52
In base 3, what is -100 - -10?
-20
In base 8, what is 4 + 251?
255
In base 6, what is -350 + -23?
-413
In base 9, what is 47 - -6?
54
In base 5, what is 134032 + 3?
134040
In base 15, what is -5 + -25?
-2a
In base 6, what is 5321 - 4?
5313
In base 14, what is -52 + 5?
-4b
In base 11, what is -4 + 3281?
3278
In base 13, what is -3c - -48?
9
In base 16, what is -11 - -1d?
c
In base 7, what is -3 + 35?
32
In base 2, what is 10010010 + 101?
10010111
In base 14, what is 2 - bb4?
-bb2
In base 3, what is 2 + -20001?
-12222
In base 3, what is 1 + -21110?
-21102
In base 8, what is -6 + -237?
-245
In base 9, what is -48 + 53?
4
In base 9, what is -1 - 361?
-362
In base 11, what is 4 - 605?
-601
In base 9, what is -3064 - -2?
-3062
In base 13, what is a54 + -9?
a48
In base 7, what is -20 + -3?
-23
